{"id":294,"date":"2021-07-12T12:18:21","date_gmt":"2021-07-12T12:18:21","guid":{"rendered":"https:\/\/szablon.pawelkepa.pl\/demo1\/?page_id=294"},"modified":"2025-07-03T20:43:21","modified_gmt":"2025-07-03T18:43:21","slug":"o-nas","status":"publish","type":"page","link":"https:\/\/bugsbuster.pl\/?page_id=294","title":{"rendered":"O nas"},"content":{"rendered":"\n<div class=\"wp-block-getwid-section alignfull alignfull getwid-section-content-custom-width\"><div class=\"wp-block-getwid-section__wrapper getwid-padding-left-medium getwid-padding-right-medium\" style=\"padding-top:80px;padding-bottom:0px\"><div class=\"wp-block-getwid-section__inner-wrapper\" style=\"max-width:1140px\"><div class=\"wp-block-getwid-section__background-holder\"><div class=\"wp-block-getwid-section__background has-background has-pale-cyan-blue-background-color\"><\/div><div class=\"wp-block-getwid-section__foreground\"><\/div><\/div><div class=\"wp-block-getwid-section__content\"><div class=\"wp-block-getwid-section__inner-content\">\n<div class=\"wp-block-columns is-layout-flex wp-container-core-columns-is-layout-9d6595d7 wp-block-columns-is-layout-flex\">\n<div class=\"wp-block-column is-layout-flow wp-block-column-is-layout-flow\" style=\"flex-basis:33.33%\">\n<figure class=\"wp-block-image size-large\"><img loading=\"lazy\" decoding=\"async\" width=\"461\" height=\"1024\" src=\"https:\/\/bugsbuster.pl\/wp-content\/uploads\/2025\/06\/osy-461x1024.jpg\" alt=\"dezynsekcja\" class=\"wp-image-466\" srcset=\"https:\/\/bugsbuster.pl\/wp-content\/uploads\/2025\/06\/osy-461x1024.jpg 461w, https:\/\/bugsbuster.pl\/wp-content\/uploads\/2025\/06\/osy-135x300.jpg 135w, https:\/\/bugsbuster.pl\/wp-content\/uploads\/2025\/06\/osy-768x1705.jpg 768w, https:\/\/bugsbuster.pl\/wp-content\/uploads\/2025\/06\/osy-692x1536.jpg 692w, https:\/\/bugsbuster.pl\/wp-content\/uploads\/2025\/06\/osy-922x2048.jpg 922w, https:\/\/bugsbuster.pl\/wp-content\/uploads\/2025\/06\/osy-scaled.jpg 1153w\" sizes=\"auto, (max-width: 461px) 100vw, 461px\" \/><\/figure>\n\n\n\n<div style=\"height:20px\" aria-hidden=\"true\" class=\"wp-block-spacer\"><\/div>\n<\/div>\n\n\n\n<div class=\"wp-block-column is-vertically-aligned-top is-layout-flow wp-block-column-is-layout-flow\" style=\"flex-basis:66.66%\">\n<div class=\"wp-block-getwid-advanced-heading\"><span class=\"wp-block-getwid-advanced-heading__content has-text-color\" style=\"color:#6cbe03\"><strong><mark style=\"background-color:rgba(0, 0, 0, 0)\" class=\"has-inline-color has-vivid-cyan-blue-color\">O nas<\/mark><\/strong><\/span><\/div>\n\n\n\n<h2 class=\"wp-block-heading\">Poznaj nas zanim <br>zaczniemy wsp\u00f3\u0142prac\u0119<\/h2>\n\n\n\n<div style=\"height:40px\" aria-hidden=\"true\" class=\"wp-block-spacer\"><\/div>\n\n\n\n<p><strong>Skuteczno\u015b\u0107. Bezpiecze\u0144stwo. Profesjonalizm.<\/strong><\/p>\n\n\n\n<p>Jeste\u015bmy firm\u0105 specjalizuj\u0105c\u0105 si\u0119 w us\u0142ugach <strong>dezynfekcji, dezynsekcji i deratyzacji<\/strong>. Nasz\u0105 misj\u0105 jest <strong>ochrona zdrowia i mienia klient\u00f3w<\/strong> poprzez skuteczne zwalczanie zagro\u017ce\u0144 biologicznych i zapobieganie ich nawrotom. Obs\u0142ugujemy zar\u00f3wno <strong>klient\u00f3w indywidualnych<\/strong>, jak i <strong>firmy, instytucje publiczne, wsp\u00f3lnoty mieszkaniowe<\/strong> oraz obiekty przemys\u0142owe.<\/p>\n\n\n\n<p>W codziennej pracy stawiamy na:<\/p>\n\n\n\n<ul class=\"wp-block-list\">\n<li><strong>nowoczesne metody dzia\u0142ania<\/strong> \u2013 stosujemy sprawdzone preparaty i bezpieczne technologie (m.in. zamg\u0142awianie ULV, opryski, \u017cele, trutki nowej generacji),<\/li>\n\n\n\n<li><strong>indywidualne podej\u015bcie<\/strong> \u2013 ka\u017cd\u0105 interwencj\u0119 poprzedzamy dok\u0142adn\u0105 ocen\u0105 sytuacji,<\/li>\n\n\n\n<li><strong>pe\u0142ne bezpiecze\u0144stwo<\/strong> \u2013 nasze dzia\u0142ania s\u0105 zgodne z przepisami sanepidu i normami BHP,<\/li>\n\n\n\n<li><strong>transparentno\u015b\u0107 i edukacj\u0119<\/strong> \u2013 informujemy klient\u00f3w, jak przygotowa\u0107 si\u0119 do zabiegu i jak unikn\u0105\u0107 ponownych problem\u00f3w.<\/li>\n<\/ul>\n\n\n\n<p>Zdajemy sobie spraw\u0119, \u017ce obecno\u015b\u0107 szkodnik\u00f3w w domu, firmie czy magazynie to stresuj\u0105ca sytuacja. Dlatego oferujemy <strong>szybk\u0105 reakcj\u0119<\/strong>, <strong>rzeteln\u0105 diagnostyk\u0119<\/strong> oraz <strong>pe\u0142ne wsparcie posprzeda\u017cowe<\/strong>. <\/p>\n\n\n\n<hr class=\"wp-block-separator has-alpha-channel-opacity\"\/>\n\n\n\n<p><strong>Zaufaj specjalistom. Pozb\u0105d\u017a si\u0119 problemu raz, a dobrze.<\/strong><br>Skontaktuj si\u0119 z nami \u2013 doradzimy, przyjedziemy, rozwi\u0105\u017cemy problem.<\/p>\n\n\n\n<div style=\"height:20px\" aria-hidden=\"true\" class=\"wp-block-spacer\"><\/div>\n<\/div>\n<\/div>\n<\/div><\/div><\/div><\/div><\/div>\n\n\n\n<div class=\"wp-block-getwid-section alignfull alignfull getwid-section-content-custom-width\"><div class=\"wp-block-getwid-section__wrapper getwid-padding-left-medium getwid-padding-right-medium\" style=\"padding-top:80px;padding-bottom:00px\"><div class=\"wp-block-getwid-section__inner-wrapper\" style=\"max-width:1140px\"><div class=\"wp-block-getwid-section__background-holder\"><div class=\"wp-block-getwid-section__background has-background has-pale-cyan-blue-background-color\"><\/div><div class=\"wp-block-getwid-section__foreground\" style=\"opacity:0;background-color:#ffffff\"><\/div><\/div><div class=\"wp-block-getwid-section__content\"><div class=\"wp-block-getwid-section__inner-content\">\n<div class=\"wp-block-getwid-advanced-heading\" style=\"margin-bottom:0px;margin-top:0px\"><span class=\"wp-block-getwid-advanced-heading__content has-text-color\" style=\"text-align:center;color:#6cbe03\"><strong><mark style=\"background-color:rgba(0, 0, 0, 0)\" class=\"has-inline-color has-vivid-cyan-blue-color\">Opinie i referencje<\/mark><\/strong><\/span><\/div>\n\n\n\n<div class=\"wp-block-getwid-advanced-heading\" style=\"margin-bottom:30px;margin-top:10px\"><h2 class=\"wp-block-getwid-advanced-heading__content\" style=\"text-align:center\">Co Klienci m\u00f3wi\u0105 o nas<\/h2><\/div>\n\n\n\n<div class=\"wp-block-getwid-advanced-spacer\" style=\"height:50px\" aria-hidden=\"true\"><\/div>\n\n\n\n<div class=\"wp-block-columns has-2-columns is-layout-flex wp-container-core-columns-is-layout-9d6595d7 wp-block-columns-is-layout-flex\">\n<div class=\"wp-block-column is-layout-flow wp-block-column-is-layout-flow\">\n<div class=\"wp-block-getwid-testimonial has-image\"><div class=\"wp-block-getwid-testimonial__wrapper\"><div class=\"wp-block-getwid-testimonial__content-wrapper\"><p class=\"wp-block-getwid-testimonial__content\">\u201eSzybka reakcja, pe\u0142en profesjonalizm i skuteczno\u015b\u0107 \u2013 ju\u017c po pierwszym zabiegu karaluchy znikn\u0119\u0142y. Otrzyma\u0142am te\u017c jasne instrukcje, jak zabezpieczy\u0107 mieszkanie na przysz\u0142o\u015b\u0107. Polecam ka\u017cdemu!\u201d<\/p><\/div><div class=\"wp-block-getwid-testimonial__header\"><div class=\"wp-block-getwid-testimonial__image-wrapper\"><div class=\"wp-block-getwid-testimonial__image\"><img decoding=\"async\" src=\"https:\/\/cgw.motopress.com\/wp-content\/uploads\/2019\/11\/person-5.jpg\" alt=\"\"\/><\/div><\/div><div class=\"wp-block-getwid-testimonial__heading\"><span class=\"wp-block-getwid-testimonial__title\"><strong>Sara<\/strong><\/span><span class=\"wp-block-getwid-testimonial__subtitle\"><mark style=\"background-color:rgba(0, 0, 0, 0)\" class=\"has-inline-color has-vivid-cyan-blue-color\">Klient<\/mark><\/span><\/div><\/div><\/div><\/div>\n\n\n\n<div style=\"height:60px\" aria-hidden=\"true\" class=\"wp-block-spacer\"><\/div>\n<\/div>\n\n\n\n<div class=\"wp-block-column is-layout-flow wp-block-column-is-layout-flow\">\n<div class=\"wp-block-getwid-testimonial has-image\"><div class=\"wp-block-getwid-testimonial__wrapper\"><div class=\"wp-block-getwid-testimonial__content-wrapper\"><p class=\"wp-block-getwid-testimonial__content\">\u201eZauwa\u017cyli\u015bmy \u015blady myszy w gara\u017cu i spi\u017carni. Ju\u017c tego samego dnia mieli\u015bmy wizyt\u0119 technika. Szybka deratyzacja, fachowe porady, bardzo mi\u0142a obs\u0142uga. Problem znikn\u0105\u0142 bez \u015bladu!\u201d<\/p><\/div><div class=\"wp-block-getwid-testimonial__header\"><div class=\"wp-block-getwid-testimonial__image-wrapper\"><div class=\"wp-block-getwid-testimonial__image\"><img decoding=\"async\" src=\"https:\/\/cgw.motopress.com\/wp-content\/uploads\/2019\/11\/person-7.jpg\" alt=\"\"\/><\/div><\/div><div class=\"wp-block-getwid-testimonial__heading\"><span class=\"wp-block-getwid-testimonial__title\"><strong>Jan<\/strong><\/span><span class=\"wp-block-getwid-testimonial__subtitle\"><mark style=\"background-color:rgba(0, 0, 0, 0)\" class=\"has-inline-color has-vivid-cyan-blue-color\">Klient<\/mark><\/span><\/div><\/div><\/div><\/div>\n\n\n\n<div style=\"height:60px\" aria-hidden=\"true\" class=\"wp-block-spacer\"><\/div>\n<\/div>\n<\/div>\n<\/div><\/div><\/div><\/div><\/div>\n\n\n\n<div class=\"wp-block-getwid-section alignfull getwid-margin-top-none getwid-margin-bottom-none getwid-section-content-custom-width\"><div class=\"wp-block-getwid-section__wrapper getwid-padding-top-none getwid-padding-left-none getwid-padding-right-none getwid-margin-left-none getwid-margin-right-none\" style=\"padding-bottom:80px\"><div class=\"wp-block-getwid-section__inner-wrapper\" style=\"max-width:1140px\"><div class=\"wp-block-getwid-section__background-holder\"><div class=\"wp-block-getwid-section__background\"><\/div><div class=\"wp-block-getwid-section__foreground\"><\/div><\/div><div class=\"wp-block-getwid-section__content\"><div class=\"wp-block-getwid-section__inner-content\">\n<div class=\"wp-block-getwid-section getwid-margin-top-none getwid-margin-bottom-none getwid-section-content-full-width\"><div class=\"wp-block-getwid-section__wrapper getwid-margin-left-none getwid-margin-right-none\"><div class=\"wp-block-getwid-section__inner-wrapper\"><div class=\"wp-block-getwid-section__background-holder\"><div class=\"wp-block-getwid-section__background has-background has-vivid-green-cyan-background-color\" style=\"background-image:url('https:\/\/bugsbuster.pl\/wp-content\/uploads\/2025\/07\/pexels-pixelcop-26tlo180270-scaled.jpg')\"><div class=\"wp-block-getwid-section__background-image-wrapper\"><img decoding=\"async\" class=\"wp-block-getwid-section__background-image\" src=\"https:\/\/bugsbuster.pl\/wp-content\/uploads\/2025\/07\/pexels-pixelcop-26tlo180270-scaled.jpg\" alt=\"\"\/><\/div><\/div><div class=\"wp-block-getwid-section__foreground\"><\/div><\/div><div class=\"wp-block-getwid-section__content\"><div class=\"wp-block-getwid-section__inner-content\">\n<h3 class=\"wp-block-heading has-text-align-center has-white-color has-text-color\">Masz pytania?<\/h3>\n\n\n\n<div class=\"wp-block-getwid-advanced-heading\" style=\"margin-bottom:0px;margin-top:0px\"><span class=\"wp-block-getwid-advanced-heading__content has-text-color has-white-color\" style=\"text-align:center;padding-top:0px;padding-bottom:0px;padding-left:0px;padding-right:0px;margin-left:0px;margin-right:0px\">Zadzwo\u0144 natychmiast pod +48 780 520 150<\/span><\/div>\n<\/div><\/div><\/div><\/div><\/div>\n<\/div><\/div><\/div><\/div><\/div>\n\n\n\n<p><\/p>\n","protected":false},"excerpt":{"rendered":"","protected":false},"author":1,"featured_media":0,"parent":0,"menu_order":0,"comment_status":"closed","ping_status":"closed","template":"","meta":{"footnotes":""},"class_list":["post-294","page","type-page","status-publish","hentry"],"_links":{"self":[{"href":"https:\/\/bugsbuster.pl\/index.php?rest_route=\/wp\/v2\/pages\/294","targetHints":{"allow":["GET"]}}],"collection":[{"href":"https:\/\/bugsbuster.pl\/index.php?rest_route=\/wp\/v2\/pages"}],"about":[{"href":"https:\/\/bugsbuster.pl\/index.php?rest_route=\/wp\/v2\/types\/page"}],"author":[{"embeddable":true,"href":"https:\/\/bugsbuster.pl\/index.php?rest_route=\/wp\/v2\/users\/1"}],"replies":[{"embeddable":true,"href":"https:\/\/bugsbuster.pl\/index.php?rest_route=%2Fwp%2Fv2%2Fcomments&post=294"}],"version-history":[{"count":11,"href":"https:\/\/bugsbuster.pl\/index.php?rest_route=\/wp\/v2\/pages\/294\/revisions"}],"predecessor-version":[{"id":570,"href":"https:\/\/bugsbuster.pl\/index.php?rest_route=\/wp\/v2\/pages\/294\/revisions\/570"}],"wp:attachment":[{"href":"https:\/\/bugsbuster.pl\/index.php?rest_route=%2Fwp%2Fv2%2Fmedia&parent=294"}],"curies":[{"name":"wp","href":"https:\/\/api.w.org\/{rel}","templated":true}]}}